 3. Let m(b) = -b**3 - 17*b**2 + 35*b - 12. What is the tens digit of m(p)?
4
Suppose 0*l - 2*d = 2*l - 6, -d + 9 = 2*l. Let h be -1 + (9/l)/(3/6). Suppose 7*v - 450 = h*v. What is the tens digit of v?
9
Suppose 10*q = 13*q - 3*j - 63, -5*j = q - 33. Suppose 0 = -q*v + 2758 + 4004. What is the tens digit of v?
9
Let h = 74794 - 53294. What is the hundreds digit of h?
5
Suppose -2*s = 5*r + 128, -s - 4*r - 34 = -9*r. Let j = 714 + s. What is the tens digit of j?
6
Suppose -13*a - 3085 = -8*a. What is the units digit of 0 + -7 - (a + -2)?
2
Suppose 2*c - 29 = -w, -41*c + 40*c = -w + 35. Suppose -w*f + 12448 - 1393 = 0. What is the hundreds digit of f?
3
Let d(p) = -2758*p**3 + p**2 + 40*p + 41. What is the hundreds digit of d(-1)?
7
Let b(d) = -59*d + 42. Let i = 291 + -293. What is the tens digit of b(i)?
6
Suppose 7*r = 4*r - p - 103, 0 = -5*r - 4*p - 174. Let x = -33 - r. What is the tens digit of 4/x + -2 - -65?
6
Suppose 3*a = 4*h + 5, 3*a + 13 = -2*h - 3*h. What is the hundreds digit of 420 + a*(-5 + 11)?
4
Suppose 10 = 5*d, 0 = 4*f - d - 6 - 8. Suppose -5*n + 6*n = 5*g - 2763, g - 3*n - 561 = 0. Suppose f*l + g = 12*l. What is the units digit of l?
9
Let r be -5 + -1 + -4 + 786. Let h = 1412 - r. Suppose -24*p + h = -21*p. What is the tens digit of p?
1
Let j(l) = l**3 - 5*l**2 - 12*l + 10. Suppose -s - 5*v = -30, -4*s + s + 5*v = 10. Let u be 3*s/5 - -5. What is the tens digit of j(u)?
0
Let g(k) = 18*k**3 + 2*k**2 + 15*k - 26. Let z(y) = -6*y**3 - 5*y + 9. Let t(f) = -2*g(f) - 7*z(f). What is the units digit of t(7)?
6
Let p(y) = -14*y**2 - 2*y + 792. Suppose 0 = j + 17*j. What is the tens digit of p(j)?
9
Let a(w) = -7*w - 72. Let z be a(-18). Suppose -2*f - 10 = 0, 2*f - 20 = 4*l - z. What is the units digit of l?
6
Let x(l) = l**3 + 14*l**2 + 21*l - 33. Let c be x(-12). Suppose 49*y - 5*d = 47*y + 986, 504 = y + c*d. What is the units digit of y?
8
What is the tens digit of (-16933)/(-2) + 9/21*(-217)/(-186)?
6
Let d(t) = -t**3 + 18*t**2 - 15*t - 13. Let c be d(17). Suppose 6 = 9*h - c. Suppose -3*y = -h*l - 756, 3*y + 4*l - 343 = 399. What is the hundreds digit of y?
2
What is the units digit of (-136)/(-3876) + 4180944/171?
0
Let j = 66 + -45. Suppose j*i = 28*i - 4550. What is the tens digit of i?
5
Let n = -172 - -174. Suppose -5*i - n*x = -1036, 0 = -3*x + 26 - 17. What is the hundreds digit of i?
2
Let x(i) = i**2 - 7*i + 1. Let t be x(6). Let g = 1537 - 1510. Let l = t + g. What is the units digit of l?
2
Let q(o) = -3*o**3 - 8*o**2 - 33*o - 61. What is the units digit of q(-16)?
7
Suppose 3*b = 7 + 2. Suppose -12 = -6*m + b*m. Suppose -3*u + 47 = -m*x, -x + 2*x + 23 = 2*u. What is the units digit of u?
9
Suppose -7*c - 4*i = -10*c + 7810, -5*c + 5*i + 13010 = 0. Let n = -1807 + c. What is the tens digit of n?
9
Let s be (6/30*5)/(3/(-9)). Let r(b) = -13*b**3 + 4*b**2 - 10*b - 32. What is the units digit of r(s)?
5
Let y(c) = -1 + 13*c**2 - 98254*c + 98253*c + 1. Let h = 1 + -2. What is the tens digit of y(h)?
1
Let a(s) = s**3 - 3*s**2 + 2*s + 723. What is the hundreds digit of a(0)?
7
Let w = 553 - 544. Suppose -3*j + 3560 = -5*y, -4*y + w*y = -5*j + 6000. What is the units digit of j?
5
Let h = -65 - -122. Let n = h - -245. What is the hundreds digit of n?
3
Let p = 25 + -21. Let l be (-2 - -14)/p + 206. Suppose g - l = -72. What is the hundreds digit of g?
1
Let k(c) = 440*c - 1345. What is the tens digit of k(4)?
1
Suppose 0 = -3*j + 104 - 32. Suppose 3*u + 8736 = j*u. What is the hundreds digit of u?
4
Suppose -12*y + 436 + 1004 = 0. What is the thousands digit of 0 + 1030 - y/15?
1
Suppose -2*t + 30649 - 2140 = 5*p, -p + 5703 = t. What is the hundreds digit of p?
7
Suppose 3*l - 18389 = -a, 3*l = 12*a - 10*a - 36832. What is the tens digit of a?
0
What is the tens digit of (-6 - 21*(-2)/4)/((-1)/(-3602))?
0
Suppose -d + 9 = 2*f - 21, 0 = -4*f + 4*d + 48. Let a be 1*f/(-2)*(29 - 0). Let o = 331 + a. What is the units digit of o?
8
Suppose -5 = -2*n + 7. Suppose n*c - 60 = c. What is the tens digit of (-9)/5*(-80)/c?
1
Suppose 0 = 7*l - 11*l - 32. Let h(u) = -u**2 - 9*u - 3. Let x be h(l). What is the tens digit of 53 + -2 - (-5 + x)?
5
What is the hundreds digit of (-5)/170*-4 - (-1109736)/204?
4
Let p(c) = -72*c**3 - 17*c**2 + 15*c - 17. What is the hundreds digit of p(-5)?
4
Let m(n) = -203*n - 37 - 2 + 6 - 200*n. What is the tens digit of m(-2)?
7
Let m = 210 + -206. Suppose -8*s + 4188 = m*s. What is the units digit of s?
9
Let n be (9 + -11)*(-8911)/(-14). Let v = 1857 + n. What is the tens digit of v?
8
Suppose -p - 2*p = -5*g + 657, -p + 397 = 3*g. Suppose -2*h - 5*k + g + 215 = 0, -719 = -4*h - 5*k. What is the units digit of h?
6
Let g = -546 + 849. Let k = 994 - g. What is the hundreds digit of k?
6
Let z(w) = -2*w**2 + 104*w - 67. Let c(x) = -12*x**2 + 52*x - 2. Let n be c(3). What is the hundreds digit of z(n)?
4
Let a(f) = 3*f**2 - f - 1. Let y be a(-2). Suppose 46 = y*o + 7. Suppose t - 58 = -u + 185, o*u - 4*t - 757 = 0. What is the tens digit of u?
4
Let f(w) be the first derivative of w**4/6 - 3*w**3/2 - 23*w**2/2 + w + 4. Let m(j) be the first derivative of f(j). What is the tens digit of m(8)?
3
Suppose 4*q - 21 = 11. Suppose -q*i = -6*i - 2. What is the hundreds digit of -2*(9/(-6) + i)*107?
1
Suppose 0 = 3*m + 5*k - 29, -3*m + k = -8*m + 19. Suppose -5*h - 730 = -m*y, y - 520 = -y - 5*h. Suppose 3*c = 8*c - y. What is the units digit of c?
0
Let c(l) = 3*l**2 - 2*l + 7. Let t be c(5). Suppose -3*w = -b - 354, 26*w = 21*w + 3*b + 586. Let i = w - t. What is the units digit of i?
7
Suppose 2*p - 5*o - 116 = 0, -p + 6*p - 228 = -3*o. What is the tens digit of p?
4
Let r = 154134 + -84564. What is the units digit of r?
0
Let f be 0 + 0 + -1 + -3. Let b(s) = -2*s**2 - 3*s - 1. Let d(w) = -4*w**2 - 7*w - 1. Let r(g) = -10*b(g) + 4*d(g). What is the tens digit of r(f)?
6
Suppose -1623*h + 1646*h = 291571. What is the units digit of h?
7
Let q(l) = 51*l**3 - 4*l**2 + 6*l + 2. Let w be q(2). Let x = -125 + w. What is the units digit of x?
1
Suppose 0 = -3*j - 3*s + 6*s + 198, 2*j + 4*s - 114 = 0. What is the hundreds digit of 0 + 2/9 + 58009/j?
9
What is the units digit of (-36585 - -534)*((2 - 3) + 0)?
1
Let c be 2*2*(39 + -87). Let i = -72 - c. What is the units digit of i?
0
Suppose -k + 709 + 3387 = 0. What is the units digit of k?
6
Let w be (-4 + 4)/(-2) + 258. Suppose -23*k + w = -22*k. What is the units digit of k?
8
Suppose 2*w = 3*z - 2, 0*w + 4*w - 40 = -5*z. Suppose 3*x = -z*x - 784. Let t = 21 - x. What is the hundreds digit of t?
1
Suppose -f = -15352 - 5876 - 3243. What is the tens digit of f?
7
Suppose -14*o - 2*b - 3200 = -19*o, -3*b - 3200 = -5*o. What is the units digit of o?
0
Suppose -88 = -81*h + 73*h. Suppose 0 = -h*q - 180 + 840. What is the units digit of q?
0
Let x(f) = -8*f**3 - f**2 - f + 5. Let n be x(2). What is the hundreds digit of (-2 + 4 - 5)*n?
1
Let w = 662 + -691. Let l = 913 + w. What is the units digit of l?
4
Let m = -23 - -24. What is the tens digit of (m - 1) + (-14 - -451)?
3
Let k = -114 - -117. Suppose 1460 = k*t - 211. What is the units digit of t?
7
Let x = 41 + 56. Suppose j + 5*z - 313 - x = 0, -4*z - 1664 = -4*j. What is the hundreds digit of j?
4
Let r(m) = -13*m**2 - 3*m + 16. Let a be r(4). Let q = 326 - a. What is the tens digit of q?
3
Let h(y) = 9*y**2 + 4*y - 18. Let w(a) = -27*a**2 - 11*a + 49. Let p(n) = -11*h(n) - 4*w(n). Suppose -2*t + 2 + 4 = 0. What is the units digit of p(t)?
3
Let v = -40460 - -57596. What is the tens digit of v?
3
Let y(l) = 463*l**2 - 73*l - 586. What is the ten thousands digit of y(-6)?
1
Suppose 12*h - 13 = -1. Let o be (267*-1)/(h/2*-2). Suppose -m - 24 = -o. What is the tens digit of m?
4
Let y = 11757 + -8178. What is the hundreds digit of y?
5
Let k = 152 + -153. What is the units digit of k + 2154/27 - 54/(-243)?
9
Let r(l) = -942*l**2 - 2*l - 2. Let o be r(-1). Let h = -584 - o. What is the units digit of h?
8
Let h = 379 - 465. What is the units digit of (-1 + h)*(96/(-9) + 1)?
1
Let u(p) = p**2 - 19*p - 5. Let t be u(20). Suppose 0*n - o + t = 5*n, 23 = -n + 5*o. Suppose -2*h + n*g - 149 = -3*h, -g = -4. What is the units digit of h?
1
Let x(d) = 19*d**3 + 2*d - d - 78*d**3 + 2 - 2*d**2. Let b(l) = 4*l**3 + 56*l